{"id":53376,"date":"2025-05-15T14:33:11","date_gmt":"2025-05-15T18:33:11","guid":{"rendered":"https:\/\/ontplace.148.113.200.80.sslip.io\/\/?post_type=tribe_events&#038;p=53376"},"modified":"2025-05-15T14:33:11","modified_gmt":"2025-05-15T18:33:11","slug":"pierce-the-veil-i-cant-hear-you-world-tour","status":"publish","type":"tribe_events","link":"https:\/\/ontarioplace.com\/en\/event\/pierce-the-veil-i-cant-hear-you-world-tour\/","title":{"rendered":"Pierce The Veil &#8211; I Can&#8217;t Hear You World Tour"},"content":{"rendered":"","protected":false},"excerpt":{"rendered":"","protected":false},"author":16,"featured_media":53381,"template":"","meta":{"_acf_changed":false,"_price":"","_stock":"","_tribe_ticket_header":"","_tribe_default_ticket_provider":"","_tribe_ticket_capacity":"0","_ticket_start_date":"","_ticket_end_date":"","_tribe_ticket_show_description":"","_tribe_ticket_show_not_going":false,"_tribe_ticket_use_global_stock":"","_tribe_ticket_global_stock_level":"","_global_stock_mode":"","_global_stock_cap":"","_tribe_rsvp_for_event":"","_tribe_ticket_going_count":"","_tribe_ticket_not_going_count":"","_tribe_tickets_list":"[]","_tribe_ticket_has_attendee_info_fields":false,"_tribe_events_status":"","_tribe_events_status_reason":"","_tribe_events_is_hybrid":"","_tribe_events_is_virtual":"","_tribe_events_virtual_video_source":"","_tribe_events_virtual_embed_video":"","_tribe_events_virtual_linked_button_text":"","_tribe_events_virtual_linked_button":"","_tribe_events_virtual_show_embed_at":"","_tribe_events_virtual_show_embed_to":[],"_tribe_events_virtual_show_on_event":"","_tribe_events_virtual_show_on_views":"","_tribe_events_virtual_url":"","footnotes":"","_tec_slr_enabled":"","_tec_slr_layout":""},"tags":[],"tribe_events_cat":[],"class_list":["post-53376","tribe_events","type-tribe_events","status-publish","has-post-thumbnail","hentry"],"acf":[],"yoast_head":"<!-- This site is optimized with the Yoast SEO plugin v27.2 - https:\/\/yoast.com\/product\/yoast-seo-wordpress\/ -->\n<title>Ontario Place - Pierce The Veil - I Can&#039;t Hear You World Tour<\/title>\n<meta name=\"robots\" content=\"index, follow, max-snippet:-1, max-image-preview:large, max-video-preview:-1\" \/>\n<link rel=\"canonical\" href=\"https:\/\/ontarioplace.com\/en\/event\/pierce-the-veil-i-cant-hear-you-world-tour\/\" \/>\n<meta name=\"twitter:card\" content=\"summary_large_image\" \/>\n<meta name=\"twitter:title\" content=\"Ontario Place - Pierce The Veil - I Can&#039;t Hear You World Tour\" \/>\n<meta name=\"twitter:image\" content=\"https:\/\/ontarioplace.com\/wp-content\/uploads\/2025\/05\/Pierce-The-Veil.jpg\" \/>\n<meta name=\"twitter:label1\" content=\"Est. reading time\" \/>\n\t<meta name=\"twitter:data1\" content=\"1 minute\" \/>\n<script type=\"application\/ld+json\" class=\"yoast-schema-graph\">{\"@context\":\"https:\/\/schema.org\",\"@graph\":[{\"@type\":\"WebPage\",\"@id\":\"https:\/\/ontarioplace.com\/en\/event\/pierce-the-veil-i-cant-hear-you-world-tour\/\",\"url\":\"https:\/\/ontarioplace.com\/en\/event\/pierce-the-veil-i-cant-hear-you-world-tour\/\",\"name\":\"Ontario Place - Pierce The Veil - I Can't Hear You World Tour\",\"isPartOf\":{\"@id\":\"https:\/\/ontarioplace.com\/en\/#website\"},\"primaryImageOfPage\":{\"@id\":\"https:\/\/ontarioplace.com\/en\/event\/pierce-the-veil-i-cant-hear-you-world-tour\/#primaryimage\"},\"image\":{\"@id\":\"https:\/\/ontarioplace.com\/en\/event\/pierce-the-veil-i-cant-hear-you-world-tour\/#primaryimage\"},\"thumbnailUrl\":\"https:\/\/ontarioplace.com\/wp-content\/uploads\/2025\/05\/Pierce-The-Veil.jpg\",\"datePublished\":\"2025-05-15T18:33:11+00:00\",\"breadcrumb\":{\"@id\":\"https:\/\/ontarioplace.com\/en\/event\/pierce-the-veil-i-cant-hear-you-world-tour\/#breadcrumb\"},\"inLanguage\":\"en-US\",\"potentialAction\":[{\"@type\":\"ReadAction\",\"target\":[\"https:\/\/ontarioplace.com\/en\/event\/pierce-the-veil-i-cant-hear-you-world-tour\/\"]}]},{\"@type\":\"ImageObject\",\"inLanguage\":\"en-US\",\"@id\":\"https:\/\/ontarioplace.com\/en\/event\/pierce-the-veil-i-cant-hear-you-world-tour\/#primaryimage\",\"url\":\"https:\/\/ontarioplace.com\/wp-content\/uploads\/2025\/05\/Pierce-The-Veil.jpg\",\"contentUrl\":\"https:\/\/ontarioplace.com\/wp-content\/uploads\/2025\/05\/Pierce-The-Veil.jpg\",\"width\":2048,\"height\":1152,\"caption\":\"Three men pose together in front of a patterned wall, with one man in the middle wearing a backwards cap and a jacket, and the others standing close on either side. Trois hommes posent ensemble devant un mur \u00e0 motifs, avec un homme au milieu portant une casquette \u00e0 l'envers et une veste, et les autres debout de chaque c\u00f4t\u00e9.\"},{\"@type\":\"BreadcrumbList\",\"@id\":\"https:\/\/ontarioplace.com\/en\/event\/pierce-the-veil-i-cant-hear-you-world-tour\/#breadcrumb\",\"itemListElement\":[{\"@type\":\"ListItem\",\"position\":1,\"name\":\"Home\",\"item\":\"https:\/\/ontarioplace.com\/en\/\"},{\"@type\":\"ListItem\",\"position\":2,\"name\":\"Events\",\"item\":\"https:\/\/ontarioplace.com\/en\/events\/\"},{\"@type\":\"ListItem\",\"position\":3,\"name\":\"Pierce The Veil &#8211; I Can&#8217;t Hear You World Tour\"}]},{\"@type\":\"WebSite\",\"@id\":\"https:\/\/ontarioplace.com\/en\/#website\",\"url\":\"https:\/\/ontarioplace.com\/en\/\",\"name\":\"Ontario Place\",\"description\":\"Ontario Place, Ontario, events, Toronto, live music, concerts, films, Cinesphere, IMAX, screenings, IMAX screenings, Cin\u00e9sphere, Place de l&#039;Ontario\",\"potentialAction\":[{\"@type\":\"SearchAction\",\"target\":{\"@type\":\"EntryPoint\",\"urlTemplate\":\"https:\/\/ontarioplace.com\/en\/?s={search_term_string}\"},\"query-input\":{\"@type\":\"PropertyValueSpecification\",\"valueRequired\":true,\"valueName\":\"search_term_string\"}}],\"inLanguage\":\"en-US\"}]}<\/script>\n<!-- \/ Yoast SEO plugin. -->","yoast_head_json":{"title":"Ontario Place - Pierce The Veil - I Can't Hear You World Tour","robots":{"index":"index","follow":"follow","max-snippet":"max-snippet:-1","max-image-preview":"max-image-preview:large","max-video-preview":"max-video-preview:-1"},"canonical":"https:\/\/ontarioplace.com\/en\/event\/pierce-the-veil-i-cant-hear-you-world-tour\/","twitter_card":"summary_large_image","twitter_title":"Ontario Place - Pierce The Veil - I Can't Hear You World Tour","twitter_image":"https:\/\/ontarioplace.com\/wp-content\/uploads\/2025\/05\/Pierce-The-Veil.jpg","twitter_misc":{"Est. reading time":"1 minute"},"schema":{"@context":"https:\/\/schema.org","@graph":[{"@type":"WebPage","@id":"https:\/\/ontarioplace.com\/en\/event\/pierce-the-veil-i-cant-hear-you-world-tour\/","url":"https:\/\/ontarioplace.com\/en\/event\/pierce-the-veil-i-cant-hear-you-world-tour\/","name":"Ontario Place - Pierce The Veil - I Can't Hear You World Tour","isPartOf":{"@id":"https:\/\/ontarioplace.com\/en\/#website"},"primaryImageOfPage":{"@id":"https:\/\/ontarioplace.com\/en\/event\/pierce-the-veil-i-cant-hear-you-world-tour\/#primaryimage"},"image":{"@id":"https:\/\/ontarioplace.com\/en\/event\/pierce-the-veil-i-cant-hear-you-world-tour\/#primaryimage"},"thumbnailUrl":"https:\/\/ontarioplace.com\/wp-content\/uploads\/2025\/05\/Pierce-The-Veil.jpg","datePublished":"2025-05-15T18:33:11+00:00","breadcrumb":{"@id":"https:\/\/ontarioplace.com\/en\/event\/pierce-the-veil-i-cant-hear-you-world-tour\/#breadcrumb"},"inLanguage":"en-US","potentialAction":[{"@type":"ReadAction","target":["https:\/\/ontarioplace.com\/en\/event\/pierce-the-veil-i-cant-hear-you-world-tour\/"]}]},{"@type":"ImageObject","inLanguage":"en-US","@id":"https:\/\/ontarioplace.com\/en\/event\/pierce-the-veil-i-cant-hear-you-world-tour\/#primaryimage","url":"https:\/\/ontarioplace.com\/wp-content\/uploads\/2025\/05\/Pierce-The-Veil.jpg","contentUrl":"https:\/\/ontarioplace.com\/wp-content\/uploads\/2025\/05\/Pierce-The-Veil.jpg","width":2048,"height":1152,"caption":"Three men pose together in front of a patterned wall, with one man in the middle wearing a backwards cap and a jacket, and the others standing close on either side. Trois hommes posent ensemble devant un mur \u00e0 motifs, avec un homme au milieu portant une casquette \u00e0 l'envers et une veste, et les autres debout de chaque c\u00f4t\u00e9."},{"@type":"BreadcrumbList","@id":"https:\/\/ontarioplace.com\/en\/event\/pierce-the-veil-i-cant-hear-you-world-tour\/#breadcrumb","itemListElement":[{"@type":"ListItem","position":1,"name":"Home","item":"https:\/\/ontarioplace.com\/en\/"},{"@type":"ListItem","position":2,"name":"Events","item":"https:\/\/ontarioplace.com\/en\/events\/"},{"@type":"ListItem","position":3,"name":"Pierce The Veil &#8211; I Can&#8217;t Hear You World Tour"}]},{"@type":"WebSite","@id":"https:\/\/ontarioplace.com\/en\/#website","url":"https:\/\/ontarioplace.com\/en\/","name":"Ontario Place","description":"Ontario Place, Ontario, events, Toronto, live music, concerts, films, Cinesphere, IMAX, screenings, IMAX screenings, Cin\u00e9sphere, Place de l&#039;Ontario","potentialAction":[{"@type":"SearchAction","target":{"@type":"EntryPoint","urlTemplate":"https:\/\/ontarioplace.com\/en\/?s={search_term_string}"},"query-input":{"@type":"PropertyValueSpecification","valueRequired":true,"valueName":"search_term_string"}}],"inLanguage":"en-US"}]}},"ticketed":false,"_links":{"self":[{"href":"https:\/\/ontarioplace.com\/en\/wp-json\/wp\/v2\/tribe_events\/53376","targetHints":{"allow":["GET"]}}],"collection":[{"href":"https:\/\/ontarioplace.com\/en\/wp-json\/wp\/v2\/tribe_events"}],"about":[{"href":"https:\/\/ontarioplace.com\/en\/wp-json\/wp\/v2\/types\/tribe_events"}],"author":[{"embeddable":true,"href":"https:\/\/ontarioplace.com\/en\/wp-json\/wp\/v2\/users\/16"}],"version-history":[{"count":0,"href":"https:\/\/ontarioplace.com\/en\/wp-json\/wp\/v2\/tribe_events\/53376\/revisions"}],"wp:featuredmedia":[{"embeddable":true,"href":"https:\/\/ontarioplace.com\/en\/wp-json\/wp\/v2\/media\/53381"}],"wp:attachment":[{"href":"https:\/\/ontarioplace.com\/en\/wp-json\/wp\/v2\/media?parent=53376"}],"wp:term":[{"taxonomy":"post_tag","embeddable":true,"href":"https:\/\/ontarioplace.com\/en\/wp-json\/wp\/v2\/tags?post=53376"},{"taxonomy":"tribe_events_cat","embeddable":true,"href":"https:\/\/ontarioplace.com\/en\/wp-json\/wp\/v2\/tribe_events_cat?post=53376"}],"curies":[{"name":"wp","href":"https:\/\/api.w.org\/{rel}","templated":true}]}}

<!-- This site is optimized with the Yoast SEO plugin v27.2 - https://yoast.com/product/yoast-seo-wordpress/ -->
<title>Ontario Place - Pierce The Veil - I Can&#039;t Hear You World Tour</title>
<meta name="robots" content="index, follow, max-snippet:-1, max-image-preview:large, max-video-preview:-1" />
<link rel="canonical" href="https://ontarioplace.com/en/event/pierce-the-veil-i-cant-hear-you-world-tour/" />
<meta name="twitter:card" content="summary_large_image" />
<meta name="twitter:title" content="Ontario Place - Pierce The Veil - I Can&#039;t Hear You World Tour" />
<meta name="twitter:image" content="https://ontarioplace.com/wp-content/uploads/2025/05/Pierce-The-Veil.jpg" />
<meta name="twitter:label1" content="Est. reading time" />
	<meta name="twitter:data1" content="1 minute" />
<script type="application/ld+json" class="yoast-schema-graph">{"@context":"https://schema.org","@graph":[{"@type":"WebPage","@id":"https://ontarioplace.com/en/event/pierce-the-veil-i-cant-hear-you-world-tour/","url":"https://ontarioplace.com/en/event/pierce-the-veil-i-cant-hear-you-world-tour/","name":"Ontario Place - Pierce The Veil - I Can't Hear You World Tour","isPartOf":{"@id":"https://ontarioplace.com/en/#website"},"primaryImageOfPage":{"@id":"https://ontarioplace.com/en/event/pierce-the-veil-i-cant-hear-you-world-tour/#primaryimage"},"image":{"@id":"https://ontarioplace.com/en/event/pierce-the-veil-i-cant-hear-you-world-tour/#primaryimage"},"thumbnailUrl":"https://ontarioplace.com/wp-content/uploads/2025/05/Pierce-The-Veil.jpg","datePublished":"2025-05-15T18:33:11+00:00","breadcrumb":{"@id":"https://ontarioplace.com/en/event/pierce-the-veil-i-cant-hear-you-world-tour/#breadcrumb"},"inLanguage":"en-US","potentialAction":[{"@type":"ReadAction","target":["https://ontarioplace.com/en/event/pierce-the-veil-i-cant-hear-you-world-tour/"]}]},{"@type":"ImageObject","inLanguage":"en-US","@id":"https://ontarioplace.com/en/event/pierce-the-veil-i-cant-hear-you-world-tour/#primaryimage","url":"https://ontarioplace.com/wp-content/uploads/2025/05/Pierce-The-Veil.jpg","contentUrl":"https://ontarioplace.com/wp-content/uploads/2025/05/Pierce-The-Veil.jpg","width":2048,"height":1152,"caption":"Three men pose together in front of a patterned wall, with one man in the middle wearing a backwards cap and a jacket, and the others standing close on either side. Trois hommes posent ensemble devant un mur à motifs, avec un homme au milieu portant une casquette à l'envers et une veste, et les autres debout de chaque côté."},{"@type":"BreadcrumbList","@id":"https://ontarioplace.com/en/event/pierce-the-veil-i-cant-hear-you-world-tour/#breadcrumb","itemListElement":[{"@type":"ListItem","position":1,"name":"Home","item":"https://ontarioplace.com/en/"},{"@type":"ListItem","position":2,"name":"Events","item":"https://ontarioplace.com/en/events/"},{"@type":"ListItem","position":3,"name":"Pierce The Veil &#8211; I Can&#8217;t Hear You World Tour"}]},{"@type":"WebSite","@id":"https://ontarioplace.com/en/#website","url":"https://ontarioplace.com/en/","name":"Ontario Place","description":"Ontario Place, Ontario, events, Toronto, live music, concerts, films, Cinesphere, IMAX, screenings, IMAX screenings, Cinésphere, Place de l&#039;Ontario","potentialAction":[{"@type":"SearchAction","target":{"@type":"EntryPoint","urlTemplate":"https://ontarioplace.com/en/?s={search_term_string}"},"query-input":{"@type":"PropertyValueSpecification","valueRequired":true,"valueName":"search_term_string"}}],"inLanguage":"en-US"}]}</script>
<!-- / Yoast SEO plugin. -->

Three men pose together in front of a patterned wall, with one man in the middle wearing a backwards cap and a jacket, and the others standing close on either side. Trois hommes posent ensemble devant un mur à motifs, avec un homme au milieu portant une casquette à l'envers et une veste, et les autres debout de chaque côté.

Ontario Place, Ontario, events, Toronto, live music, concerts, films, Cinesphere, IMAX, screenings, IMAX screenings, Cinésphere, Place de l&#039;Ontario
